{"version":"1.0","provider_name":"Amal, Hamburg!","provider_url":"https:\/\/amalhamburg.de\/de\/","author_name":"Cornelia Gerlach","author_url":"https:\/\/amalhamburg.de\/de\/author\/conny\/","title":"Corona, Woche 3 - Amal, Hamburg!","type":"rich","width":600,"height":338,"html":"<blockquote class=\"wp-embedded-content\" data-secret=\"zagU9M4tlJ\"><a href=\"https:\/\/amalhamburg.de\/de\/2020\/03\/25\/corona-woche-3-4\/\">Corona, Woche 3<\/a><\/blockquote><iframe sandbox=\"allow-scripts\" security=\"restricted\" src=\"https:\/\/amalhamburg.de\/de\/2020\/03\/25\/corona-woche-3-4\/embed\/#?secret=zagU9M4tlJ\" width=\"600\" height=\"338\" title=\"&#8222;Corona, Woche 3&#8220; &#8211; Amal, Hamburg!\" data-secret=\"zagU9M4tlJ\" frameborder=\"0\" marginwidth=\"0\" marginheight=\"0\" scrolling=\"no\" class=\"wp-embedded-content\"><\/iframe><script type=\"text\/javascript\">\n\/* <![CDATA[ *\/\n\/*! This file is auto-generated *\/\n!function(d,l){\"use strict\";l.querySelector&&d.addEventListener&&\"undefined\"!=typeof URL&&(d.wp=d.wp||{},d.wp.receiveEmbedMessage||(d.wp.receiveEmbedMessage=function(e){var t=e.data;if((t||t.secret||t.message||t.value)&&!\/[^a-zA-Z0-9]\/.test(t.secret)){for(var s,r,n,a=l.querySelectorAll('iframe[data-secret=\"'+t.secret+'\"]'),o=l.querySelectorAll('blockquote[data-secret=\"'+t.secret+'\"]'),c=new RegExp(\"^https?:$\",\"i\"),i=0;i<o.length;i++)o[i].style.display=\"none\";for(i=0;i<a.length;i++)s=a[i],e.source===s.contentWindow&&(s.removeAttribute(\"style\"),\"height\"===t.message?(1e3<(r=parseInt(t.value,10))?r=1e3:~~r<200&&(r=200),s.height=r):\"link\"===t.message&&(r=new URL(s.getAttribute(\"src\")),n=new URL(t.value),c.test(n.protocol))&&n.host===r.host&&l.activeElement===s&&(d.top.location.href=t.value))}},d.addEventListener(\"message\",d.wp.receiveEmbedMessage,!1),l.addEventListener(\"DOMContentLoaded\",function(){for(var e,t,s=l.querySelectorAll(\"iframe.wp-embedded-content\"),r=0;r<s.length;r++)(t=(e=s[r]).getAttribute(\"data-secret\"))||(t=Math.random().toString(36).substring(2,12),e.src+=\"#?secret=\"+t,e.setAttribute(\"data-secret\",t)),e.contentWindow.postMessage({message:\"ready\",secret:t},\"*\")},!1)))}(window,document);\n\/* ]]> *\/\n<\/script>\n","thumbnail_url":"https:\/\/amalhamburg.de\/wp-content\/uploads\/sites\/2\/2020\/03\/\u0644\u0643-\u0627\u0644\u0627\u062e\u062a\u064a\u0627\u0631-DE-amal-berlin-green-color-scaled.jpg","thumbnail_width":1188,"thumbnail_height":840,"description":"Was macht CORONA mit uns? Das ist eine Frage mit vielen Antworten. Anas Khabir hat sich auf der Berliner Sonnenallee umgeh\u00f6rt und Neuangekommene aus arabischen L\u00e4ndern gefragt. Viele machen sich Sorgen, versuchen, so wenig wie m\u00f6glich unter Leute zu kommen. Einige tragen Schutzmasken und Handschuhe. Andere hingegen halten die Aufregung f\u00fcr \u00fcbertrieben oder vertrauen auf... Weiter &raquo;"}

https://amalhamburg.de/wp-content/uploads/sites/2/2020/03/لك-الاختيار-DE-amal-berlin-green-color-scaled.jpg

Was macht CORONA mit uns? Das ist eine Frage mit vielen Antworten. Anas Khabir hat sich auf der Berliner Sonnenallee umgehört und Neuangekommene aus arabischen Ländern gefragt. Viele machen sich Sorgen, versuchen, so wenig wie möglich unter Leute zu kommen. Einige tragen Schutzmasken und Handschuhe. Andere hingegen halten die Aufregung für übertrieben oder vertrauen auf... Weiter &raquo;
