{"version":"1.0","provider_name":"Amal, Hamburg!","provider_url":"https:\/\/amalhamburg.de\/de\/","author_name":"Cornelia Gerlach","author_url":"https:\/\/amalhamburg.de\/de\/author\/conny\/","title":"Exilmedien am Runden Tisch - Amal, Hamburg!","type":"rich","width":600,"height":338,"html":"<blockquote class=\"wp-embedded-content\" data-secret=\"Ky1Wb6lE66\"><a href=\"https:\/\/amalhamburg.de\/de\/2019\/09\/06\/exilmedien-am-runden-tisch\/\">Exilmedien am Runden Tisch<\/a><\/blockquote><iframe sandbox=\"allow-scripts\" security=\"restricted\" src=\"https:\/\/amalhamburg.de\/de\/2019\/09\/06\/exilmedien-am-runden-tisch\/embed\/#?secret=Ky1Wb6lE66\" width=\"600\" height=\"338\" title=\"&#8222;Exilmedien am Runden Tisch&#8220; &#8211; Amal, Hamburg!\" data-secret=\"Ky1Wb6lE66\" frameborder=\"0\" marginwidth=\"0\" marginheight=\"0\" scrolling=\"no\" class=\"wp-embedded-content\"><\/iframe><script type=\"text\/javascript\">\n\/* <![CDATA[ *\/\n\/*! This file is auto-generated *\/\n!function(d,l){\"use strict\";l.querySelector&&d.addEventListener&&\"undefined\"!=typeof URL&&(d.wp=d.wp||{},d.wp.receiveEmbedMessage||(d.wp.receiveEmbedMessage=function(e){var t=e.data;if((t||t.secret||t.message||t.value)&&!\/[^a-zA-Z0-9]\/.test(t.secret)){for(var s,r,n,a=l.querySelectorAll('iframe[data-secret=\"'+t.secret+'\"]'),o=l.querySelectorAll('blockquote[data-secret=\"'+t.secret+'\"]'),c=new RegExp(\"^https?:$\",\"i\"),i=0;i<o.length;i++)o[i].style.display=\"none\";for(i=0;i<a.length;i++)s=a[i],e.source===s.contentWindow&&(s.removeAttribute(\"style\"),\"height\"===t.message?(1e3<(r=parseInt(t.value,10))?r=1e3:~~r<200&&(r=200),s.height=r):\"link\"===t.message&&(r=new URL(s.getAttribute(\"src\")),n=new URL(t.value),c.test(n.protocol))&&n.host===r.host&&l.activeElement===s&&(d.top.location.href=t.value))}},d.addEventListener(\"message\",d.wp.receiveEmbedMessage,!1),l.addEventListener(\"DOMContentLoaded\",function(){for(var e,t,s=l.querySelectorAll(\"iframe.wp-embedded-content\"),r=0;r<s.length;r++)(t=(e=s[r]).getAttribute(\"data-secret\"))||(t=Math.random().toString(36).substring(2,12),e.src+=\"#?secret=\"+t,e.setAttribute(\"data-secret\",t)),e.contentWindow.postMessage({message:\"ready\",secret:t},\"*\")},!1)))}(window,document);\n\/* ]]> *\/\n<\/script>\n","thumbnail_url":"https:\/\/amalhamburg.de\/wp-content\/uploads\/sites\/2\/2019\/09\/Netzwerktreffen_Gruppenfoto-e1567772004714.jpeg","thumbnail_width":1176,"thumbnail_height":760,"description":"Wir hatten gerade dem Pf\u00f6rtner unsere Ausweise gezeigt, die Rucks\u00e4cke durch den Sicherheits-Scanner geschoben und schlenderten nun durch das beeindruckend moderne Foyer vom D\u00fcsseldorfer Landtag mit Blick auf den Rhein und die gepflegte Bar, als ein Kollege das Handy aus der Tasche holte und fragte: &#8222;Machst Du ein Foto von mir?&#8220; Er hatte den Text... Weiter &raquo;"}

Wir hatten gerade dem Pförtner unsere Ausweise gezeigt, die Rucksäcke durch den Sicherheits-Scanner geschoben und schlenderten nun durch das beeindruckend moderne Foyer vom Düsseldorfer Landtag mit Blick auf den Rhein und die gepflegte Bar, als ein Kollege das Handy aus der Tasche holte und fragte: &#8222;Machst Du ein Foto von mir?&#8220; Er hatte den Text... Weiter &raquo;
